-7 - 0 - -11 - 23?
-19
What is the value of 13 + 1 - (84 + -73)?
3
What is 14 + (8 - 18) - 21 - -7?
-10
What is 29 + -19 + -2 - 9?
-1
25 - (14 + 2 + -8 - 3)
20
What is the value of 0 + -11 + -8 + 14?
-5
Calculate (57 - 66) + (11 - 2).
0
Calculate 21 - ((15 - 21) + 23).
4
What is the value of 16 - (-2 + 0 - 2 - (91 + -99))?
12
Calculate 1 + (33 - 22) - 24.
-12
What is the value of (-14 + (-10 - -32) - 10) + 14?
12
What is the value of -17 - (12 - 16) - -13?
0
What is (-3 - -2) + 9 + 14 + -16 - 16?
-10
Evaluate -1 - (-9 - 8 - -12).
4
0 + (-6 - (3 + -2))
-7
What is the value of 50 - (-94 + 111 + (2 - 1))?
32
What is 42 + -16 + (-12 - (-16 - -4))?
26
What is 1 + -5 + 7 + (15 - (16 + -8))?
10
(-1 - (1 + (7 - 4))) + -5 + 4
-6
What is the value of -4 - (8 - (-4 - -3 - -2))?
-11
(107 - 107) + (14 - (1 + 1))
12
Evaluate -65 + 73 - (28 - 2) - -44.
26
Calculate (-5 + 11 - 2 - 3) + (19 - 1).
19
Calculate (34 - (40 + -28)) + -33.
-11
2 + -1 - (-37 + 30 - -1)
7
Calculate -2 - -3 - (4 + (13 + -5 - 18)).
7
What is the value of -18 + 0 - (231 + -253)?
4
-9 + -6 + 29 + -6
8
(-36 - -34) + -1 + 10
7
What is 8 - (-2 - (-11 + -13))?
-14
What is -8 + 12 + 5 + -12?
-3
Calculate 22 + -4 + 19 + -26 - (-1 + -1).
13
Evaluate -3 - 2 - 9 - (5 - 44).
25
6 - -6 - (18 + -4)
-2
What is (3 - -1 - -3 - -7) + 0?
14
What is the value of (1 - 1) + 1 - (-4 - (-38 + 45))?
12
-188 + 191 - (8 - (0 - -2))
-3
Calculate 7 + (12 - 21) + (9 - 0).
7
What is 2 + 2 - ((8 - 1) + 3)?
-6
What is the value of (0 - (-9 + 9)) + -9 - -11?
2
Evaluate 13 - 17 - (-4 - -4).
-4
23 + (-21 - -16) + (0 - 4)
14
What is (52 - 73) + (8 - 10)?
-23
(-10 - (-19 - 3 - -1)) + -1 - 10
0
What is the value of (9 + 0 - (4 - 1)) + -35 + 29?
0
What is -3 + 2 + (-1 - -9) + (-110 - -104)?
1
(11 - 49 - -17 - -15) + -21
-27
Calculate -5 + 2 + (7 - (-51 - -41)).
14
What is the value of -2 - 34 - -38 - (25 - (0 + -1))?
-24
What is the value of 5 + -72 + 27 - -11?
-29
What is 13 - (4 + 0 - (15 - 22 - -19))?
21
(-4 - 2) + 11 + (-7 - 1) + -4
-7
Calculate 20 - (-29 + 23 - -9).
17
What is the value of (72 - 60) + -7 + 0?
5
Calculate (-213 - -196 - (-14 + -1)) + -6 + -1.
-9
-20 + 19 + -9 - -8
-2
What is 1 + (0 - (2 - (-1 - -8))) + 2?
8
What is the value of 33 - (63 - (-15 + 28))?
-17
What is 1 - -12 - (10 - (6 - 3))?
6
What is the value of 6 - ((-11 - -22) + -8 + 1 + -7)?
9
What is the value of 5 + (-9 + -2 + 16 - (26 + 0))?
-16
What is -1 + 8 + (34 - 18) + -21?
2
Evaluate -14 + 28 + -6 + -11 + (3 - -11).
11
What is (-1 - ((1 - 5) + 10)) + -12?
-19
Calculate -2 + 21 + -5 + -14.
0
-4 - -4 - ((10 - 12) + -8)
10
Evaluate -2 + -25 - (-7 + -33).
13
What is 4 - (2 + -2 - (16 + 0))?
20
What is the value of (-3 - -16) + -11 - (12 - -1)?
-11
Evaluate (11 - (37 + 6)) + 2 + -4 + 3.
-31
What is -22 + (0 - -33) - (2 - (2 + -4))?
7
What is the value of 13 + -16 - ((11 - -1) + 0)?
-15
Evaluate -25 + (-15 + 6 - -27).
-7
What is -97 + 101 - (-1 - (1 - -1))?
7
3 + (-6 + 4 - 0) + -3
-2
What is 2 + 3 - 16 - -20 - -7?
16
Calculate 0 + (0 - -7) - 1 - (6 + 2).
-2
Evaluate (-11 - (-1 - 0)) + (-383 - -393) - -23.
23
Evaluate 13 + 0 + (1 - 2) + 16.
28
What is 14 + -14 + (-1 - -4)?
3
Calculate (-10 - -6 - 5) + -4 + -2.
-15
What is the value of -4 - 1 - (4 - (-22 - 3) - 10)?
-24
What is the value of (11 + -6 - 22) + (91 - 81)?
-7
What is 5 + -3 + (-8 - -2) + 36?
32
(16 - (4 + 2)) + -5 - (1 + 13)
-9
1 + 1 - -4 - (17 - (-6 + 1))
-16
Evaluate 10 + (-17 - 15 - -12) + 3.
-7
What is the value of -28 + -16 + (16 - -18)?
-10
Evaluate 8 + (-11 - 1) + (13 - 6) + -9.
-6
Evaluate 0 + -6 + 11 + -8 + (2 - -2).
1
-17 - (28 - 2 - 10 - 26)
-7
Calculate 7 - (16 + (0 + 4 - 9) - 5).
1
Calculate -8 - (-3 + 0) - (3 + -14 - 10).
16
-3 - 5 - (-7 - (-1 + 2))
0
Calculate (3 - (3 - 15) - 5) + (11 - 11).
10
Evaluate -17 + 16 + -18 - -37.
18
What is the value of -5 - 7 - (10 + -31)?
9
Evaluate -5 + 24 + (-57 - -19).
-19
Evaluate -1 - -6 - ((12 - 22) + 24).
-9
What is the value of (71 - 5 - 61) + (2 - (-1 + 29))?
-21
Evaluate 24 - (-6 + 15 - -11).
4
What is -43 + (26 - 51) + 45?
-23
What is the value of -16 + 30 + -1 + 2?
15
Calculate -17 + 6 + (-7 - (-11 - -7) - -5).
-9
-1 - (3 + 0) - (-86 + 33 - -16)
33
What is the value of (17 + -7 - 9) + 4 + 4 + 0?
9
(-4 + 8 + 14 + -11 - 11) + -5
-9
What is the value of 72 + -62 + (-29 - -3)?
-16
What is 12 + 6 + 28 + -50?
-4
-1 + 0 + 5 + 2 + -2880 + 2874
0
What is -1 + (28 - 39) + 15 + -1?
2
What is the value of 8 - (-20 - -36) - (1 + -7)?
-2
What is the value of 14 + 3 + -8 + 1?
10
Evaluate -5 - -1 - (-7 + 0 + -2).
5
Evaluate -7 - (-2 - (5 - (0 + -1 - -6))).
-5
-11 - 0 - (-789 - -800)
-22
Calculate -1 + 0 - (-23 + 7 - -6) - -14.
23
11 + -9 + (10 + -18 - 5) - 4
-15
Evaluate -3 - -2 - (-13 - (-16 - 8)).
-12
9 - (2 - (-6 - -6)) - 4 - 0
3
Calculate (-9 - (12 + -19)) + -1 + -2.
-5
Evaluate 16 - -1 - (3 + 11 - 14) - -5.
22
Calculate -1 - 0 - (-2 + 7 + (5 - 4)).
-7
What is the value of -15 - (4 + (-11 - -9) - (10 - 11))?
-18
-201 + 193 + 13 + 2
7
What is the value of (2 + -1 - -5) + (-20 - -5) + 11?
2
Evaluate -1 + -14 + (17 + -27 - -10).
-15
What is the value of 21 - (-9 + 41 + -24)?
13
What is (53 - 34) + -30 + 9 + 0?
-2
2 - 3 - (-15 + 16) - (-3 - -1)
0
4 - 31 - (-20 - -3)
-10
Evaluate -14 - (5 + (-27 - 10)) - 23.
-5
What is (10 - 5 - (7 - 8 - -4)) + -15?
-13
What is (18 - (23 + 30)) + 31?
-4
What is the value of (-49 - -43) + 0 + 7 - 4?
-3
-4 - (4 + 8 + -13) - (-1 + 2)
-4
Calculate 1 + -2 + 19 - 19.
-1
What is the value of -7 + -3 + -10 + 10 - (-13 + 1)?
2
What is 9 - 11 - -27 - 30?
-5
What is the value of 5 - ((0 - 3) + -147 + 152)?
3
What is (-27 - 2) + (16 - 4 - -1)?
-16
2 + 12 - (-21 - -25)
10
What is the value of (23 - 45) + 57 + 4 + -15?
24
Calculate 14 + (9 - (19 - -1)).
3
54 + -44 - 17 - (0 + -15)
8
What is 1 + -46 + (-7 - -45)?
-7
What is 4 + -14 - (-6 + 22 + -26)?
0
What is the value of 15 + 1 + (5 + -37 + 10 - -10)?
4
Calculate 8 + 5 + 1 + 1 - 6.
9
Evaluate -19 + (3 - 3) - (1 - 5).
-15
What is the value of 7 + (6 - 6 - 15) - (8 - 1)?
-15
What is the value of 3 + -23 - (12 + -19)?
-13
What is -4 + (1 - 1 - 0) + 5 - -6?
7
Calculate -21 - ((11 - 21) + 1).
-12
What is 10 - (-12 + 0 + 17 + -3)?
8
10 + -3 - ((14 - 20) + (2 - 19))
30
(-2 - -9) + -80 + 95
22
Calculate 4 + (-5 - (-11 + 4)) + 3 + -4.
5
What is (24 - 25) + 16 + -18 + (0 - 0)?
-3
What is the value of -9 - 2 - (986 + -1027)?
30
-13 - (10 + -27 + 15)
-11
What is the value of -21 - (0 + -16) - (-3 + -1)?
-1
What is the value of (-1 + 7 - 1) + 6 + (2 - 2)?
11
Calculate 18 - 1 - (3 + 11 + -7).
10
What is 7 - (0 + 2) - (-17 - 12 - -10)?
24
52 + 5 + -39 - 21
-3
What is the value of (28 - (-2 + 7)) + -24?
-1
Evaluate -36 + -37 + 19 + 35.
-19
Calculate -11 - (1 + 14 - 17).
-9
3 - (-3 - ((-5 - -2) + -2))
1
What is the value of 15 + -20 + (-10 - -6) + (-17 - 3)?
-29
What is the value of (-64 + -9 - -39) + (18 - 2)?
-18
Calculate 21 - 19 - -8 - -2.
12
What is the value of -2 + 6 - (104 + -105)?
5
Evaluate 193 + -161 + -11 + 5.
26
0 + 1 + 31 + (-25 - 8)
-1
Calculate 7 - (-20 - -23 - (-8 - (-1 + -3))).
0
Evaluate -11 + (6 - ((1 - -6) + 33 + -31)).
-14
Calculate -18 + (-2 - 9 - (44 - 70)).
-3
Calculate 0 + -11 + 6 - -15.
10
What is -1 + (28 - (13 + 4 + -8))?
18
What is (14 - 6) + -6 + 0 + (16 - 7)?
11
What is the value of -65 + 45 + -13 - (-8 - 1)?
-24
What is (-2 - -11 - 20) + (-2 - -7 - 1)?
-7
What is -14 - (12 - 26 - (5 - 36))?
-31
Calculate (-3202 - -3230) + (0 - 0 - (1 - 6)).
33
What is -12 + 7 + -26 - -19?
-12
(-14 - (-13 + 6 - -28)) + 4
-31
Evaluate (-4 - -1) + 4 + -4 + 9.
6
Evaluate 6 + (-8 + -2 - (46 + -49)).
-1
(184 - 204) + (34 - 3)
11
Calculate 18 + -61 + 20 + 11.
-12
What is the value of 10 + -14 - ((0 - -3) + (-2 - -6))?
-11
-2 + 5 + 169 + -155
17
Evaluate -3 - 2 - (-2 + (3 - 4) + 3).
-5
Calculate -10 - (-9 - (-16 - (-16 + 9))).
-10
-12 + 8 + -3 + -3 + 8
-2
What is -10 + 11 - 5 - 3?
-7
Calculate -3 - -1 - (11 - (28 + -8)).
7
7 - (0 - (-5 - -2 - (7 - 4)))
1
What is the value of -15 - -10 - ((1 - 2) + -7 + 2)?
1
What is -10 - (13 - (43 - 9))?
11
Calculate -6 + 26 + 19 + -30 + -28.
-19
(4 - (7 + 7) - 1) + 38 + 4
31
Evaluate (-25 + 6 - -12) + 1 + -16.
-22
What is the value of -23 - 11 - -49 - 18?
-3
Calculate -5 + -2 + 0 + (22 - 22) + 16.
9
What is -2 + (-8 - 1) - (1 - -2)?
-14
-10 + (-7 -